e 9) to base 16.
598888
What is -10106352 (base 7) in base 11?
-526063
-112001211000 (base 3) to base 14
-72c97
155034415 (base 6) to base 11
1966524
What is 1010111111000000000101 (base 2) in base 5?
1214120433
Convert 1aa12ab (base 15) to base 16.
12976d3
What is -4eb04 (base 15) in base 12?
-101b71
Convert -2013204 (base 6) to base 10.
-95332
Convert 20057605 (base 8) to base 5.
2040000012
Convert -9ba91 (base 15) to base 12.
-1ba654
Convert -29eceb (base 16) to base 12.
-b0608b
What is -1024203 (base 12) in base 13?
-823374
-42104341 (base 5) to base 3
-122122122022
-6593939 (base 10) to base 13
-149b451
What is 1100105 (base 8) in base 3?
112222122020
Convert 20311211313 (base 4) to base 9.
4320770
What is -652bb (base 16) in base 3?
-210001102222
111001001021210 (base 3) to base 10
6929355
What is -13311004 (base 6) in base 3?
-211121002011
Convert -14327480 (base 9) to base 4.
-123012133311
Convert 323a24 (base 11) to base 14.
d6920
What is -578032 (base 16) in base 4?
-111320000302
Convert 5fac (base 16) to base 5.
1240432
What is 1110000111011000101 (base 2) in base 8?
1607305
Convert -1000110111001100100000 (base 2) to base 12.
-940568
Convert -10001011101110110011110 (base 2) to base 13.
-c44101
-1331270 (base 13) to base 9
-12308205
Convert 231230231312 (base 4) to base 2.
101101101100101101110110
-111101111000011 (base 2) to base 3
-1121110110
102012101212101 (base 3) to base 12
1bb0677
Convert 2300432 (base 6) to base 12.
57718
-20815f (base 16) to base 2
-1000001000000101011111
Convert 3161220 (base 7) to base 5.
44301430
-2041314 (base 8) to base 14
-101428
What is 12113 (base 6) in base 15?
7d3
-872893 (base 11) to base 7
-14565653
420030 (base 8) to base 7
1120042
-1164060 (base 8) to base 13
-b34b3
What is -1c9376 (base 14) in base 11?
-63a555
Convert -d474c (base 14) to base 16.
-7cf50
What is 2c13b2 (base 14) in base 7?
16043112
-798844 (base 10) to base 11
-4a6202
4a7351 (base 12) to base 13
3371cb
What is 23364505 (base 7) in base 5?
1012111412
What is 6478764 (base 10) in base 14?
c090cc
What is 3353324 (base 7) in base 15?
83662
-175263 (base 9) to base 4
-122210220
What is 307a13 (base 11) in base 6?
14325342
Convert -21510 (base 7) to base 16.
-1515
What is 1567733 (base 9) in base 7?
10260360
What is -6ba0ea (base 16) in base 10?
-7053546
What is -11001332 (base 5) in base 10?
-93967
-10000110111110011 (base 2) to base 10
-69107
What is 5503144 (base 6) in base 15?
55cb7
Convert a9741 (base 11) to base 2.
100110111000110001
What is -213344334 (base 7) in base 2?
-110000101101000110101101
12211211010 (base 3) to base 2
11100000101101010
Convert f5e6d (base 16) to base 11.
628809
What is -100110111110100 (base 2) in base 15?
-5da6
10230110 (base 5) to base 15
1a870
Convert 12033260 (base 7) to base 11.
6698a4
-174c15 (base 13) to base 3
-1002120102120
Convert 1000001210110 (base 3) to base 2.
10000010000100001101
What is -133091 (base 12) in base 7?
-2455153
What is 122211212121212 (base 3) in base 2?
100100001011100111001001
Convert -a3611 (base 14) to base 13.
-10a1b8
What is -11100001011010000 (base 2) in base 15?
-242dd
What is -255021102 (base 6) in base 2?
-10011000011011111011110
3553234 (base 6) to base 3
100110020111
-122013002222 (base 4) to base 10
-6844586
What is 43230232 (base 6) in base 4?
10320110030
Convert 304006 (base 7) to base 12.
25b87
Convert 883eb5 (base 15) to base 8.
30612405
40c55a (base 14) to base 15
2d2759
Convert 1001111010011100111 (base 2) to base 12.
137b9b
Convert -33913 (base 15) to base 11.
-102280
Convert -11212111011200 (base 3) to base 8.
-11676654
-11896860 (base 10) to base 7
-203056503
What is -29eb6 (base 16) in base 12?
-83446
Convert 238962 (base 13) to base 16.
cee56
What is -5610689 (base 10) in base 3?
-101120001102022
What is -59427 (base 10) in base 5?
-3400202
31118442 (base 9) to base 14
1db306c
Convert -30344414 (base 5) to base 3.
-110112121221
1252589 (base 10) to base 3
2100122020012
What is 2310311232 (base 5) in base 4?
103231111222
What is -23304233 (base 5) in base 7?
-1545122
2200200002001 (base 3) to base 10
1430353
Convert 525573 (base 8) to base 6.
3430015
What is -103021424 (base 5) in base 7?
-3505565
1100100110011011101111 (base 2) to base 14
61dab5
Convert -80b41 (base 15) to base 13.
-11365c
30865 (base 9) to base 3
1000222012
-4010432 (base 5) to base 11
-43573
What is 20221001012 (base 3) in base 12?
66aab
What is -1566645 (base 7) in base 9?
-362620
260c5c3 (base 13) to base 14
181dcc8
Convert 59878 (base 10) to base 12.
2a79a
Convert 106034 (base 8) to base 3.
1211012110
What is -358117 (base 9) in base 5?
-23402011
Convert 21b4a (base 15) to base 4.
122022202
421b (base 12) to base 4
1300313
What is -10102032 (base 4) in base 13?
-7cb0
What is 77792 (base 10) in base 3?
10221201012
Convert 41410332 (base 5) to base 2.
1010011010101011110
Convert 38e103 (base 16) to base 5.
1423240434
What is -1026510 (base 8) in base 14?
-71a88
Convert 351588 (base 10) to base 16.
55d64
Convert -2656312 (base 13) to base 6.
-1110002541
What is -104033 (base 5) in base 7?
-13423
What is 105524 (base 9) in base 16?
f691
-652652 (base 7) to base 14
-2d6d2
What is 213233121 (base 4) in base 6?
3253333
29585d (base 14) to base 3
2200222212110
Convert -13222343 (base 5) to base 13.
-48611
Convert 2031031 (base 6) to base 3.
11221122201
What is 952445 (base 11) in base 8?
5644143
What is 100100110011011101 (base 2) in base 6?
3121525
Convert -2068566 (base 9) to base 15.
-16d6d0
Convert -400412154 (base 6) to base 10.
-6751366
Convert -10011110102 (base 3) to base 7.
-346430
What is -7d1d8d (base 15) in base 2?
-10110110100000000010111
Convert -99a33 (base 12) to base 6.
-4210503
What is -1232560 (base 7) in base 12?
-78327
What is -16136465 (base 7) in base 11?
-972947
-117a953 (base 12) to base 4
-30331233033
What is 610947 (base 10) in base 2?
10010101001010000011
Convert -70ae1 (base 15) to base 5.
-42404321
Convert 1215112032 (base 6) to base 15.
135b2e8
What is 14551624 (base 8) in base 3?
20021020020001
Convert -4bab6 (base 12) to base 14.
-29a30
Convert 1059d (base 15) to base 4.
30222322
What is 44481 (base 12) in base 11?
6201a
What is a8aa9 (base 12) in base 10?
222753
Convert -3365340 (base 9) to base 12.
-736260
-6a557 (base 11) to base 7
-602601
112533 (base 6) to base 16
25e9
-3d233 (base 15) to base 5
-22234443
-a43326 (base 11) to base 5
-412022313
Convert 12230310300 (base 4) to base 9.
3266366
-36ab65 (base 12) to base 6
-31023405
What is 10111111010000101100 (base 2) in base 6?
24442512
Convert -93c11 (base 15) to base 12.
-1a712a
Convert -10010000111101001111 (base 2) to base 3.
-1010011110111
640623 (base 8) to base 16
34193
Convert 337244 (base 11) to base 8.
2030153
308261 (base 9) to base 4
230232130
Convert -217721 (base 9) to base 8.
-376454
What is -11110011110111001 (base 2) in base 15?
-26edc
What is -10546142 (base 8) in base 6?
-120514030
45365540 (base 7) to base 4
33010022300
Convert -10211111222 (base 3) to base 4.
-102123020
-11202112121022 (base 3) to base 14
-49c074
Convert 110110001010010111110 (base 2) to base 11.
1002469
What is -a6c1 (base 16) in base 3?
-2011120002
What is 1111a9 (base 11) in base 5?
21133023
What is -3223445 (base 9) in base 10?
-1728095
-11011001010010100000 (base 2) to base 14
-1924c8
What is 10101003103 (base 4) in base 3?
2002211011221
211220021 (base 3) to base 6
205141
What is 1372607 (base 9) in base 13?
206419
-5dba1a (base 16) to base 4
-113123220122
What is -218967 (base 11) in base 3?
-122201010101
Convert 287dd6 (base 14) to base 4.
11112333320
What is -6273703 (base 8) in base 6?
-55435043
6978485 (base 11) to base 10
12192537
What is 1199a0 (base 11) in base 10?
188870
Convert -10110011101011111101 (base 2) to base 6.
-23435221
What is -11021221202022 (base 3) in base 5?
-1041013233
Convert 131313032 (base 5) to base 16.
9ef09
-952c0a (base 13) to base 6
-202453242
20014134 (base 5) to base 15
31999
What is -2830516 (base 9) in base 14?
-2c6b85
2d625c (base 14) to base 16
184aba
Convert -24104240 (base 5) to base 13.
-7a332
Convert 1234603 (base 7) to base 2.
100111000110000111
Convert 1955a2 (base 12) to base 8.
1545012
Convert -2200212112 (base 3) to base 8.
-147603
Convert -51c613 (base